the prime factors of 23569.
7, 13, 37
List the prime factors of 2878.
2, 1439
What are the prime factors of 396?
2, 3, 11
List the prime factors of 54799.
54799
What are the prime factors of 46779?
3, 31, 503
What are the prime factors of 664?
2, 83
List the prime factors of 84609.
3, 7, 17, 79
List the prime factors of 372.
2, 3, 31
What are the prime factors of 14241?
3, 47, 101
What are the prime factors of 697?
17, 41
What are the prime factors of 41452?
2, 43, 241
What are the prime factors of 2516?
2, 17, 37
What are the prime factors of 19979?
19979
List the prime factors of 161395.
5, 13, 191
What are the prime factors of 15453?
3, 17, 101
List the prime factors of 179018.
2, 7, 19, 673
What are the prime factors of 6441?
3, 19, 113
What are the prime factors of 10405?
5, 2081
What are the prime factors of 809?
809
What are the prime factors of 413?
7, 59
List the prime factors of 77234.
2, 23, 73
List the prime factors of 20427.
3, 11, 619
What are the prime factors of 2992?
2, 11, 17
What are the prime factors of 15261?
3, 5087
What are the prime factors of 11660?
2, 5, 11, 53
What are the prime factors of 964?
2, 241
What are the prime factors of 3280?
2, 5, 41
List the prime factors of 16339.
16339
List the prime factors of 28608.
2, 3, 149
List the prime factors of 3869.
53, 73
List the prime factors of 35768.
2, 17, 263
List the prime factors of 5604.
2, 3, 467
List the prime factors of 222.
2, 3, 37
What are the prime factors of 60648?
2, 3, 7, 19
List the prime factors of 3344.
2, 11, 19
List the prime factors of 1016.
2, 127
What are the prime factors of 3985?
5, 797
List the prime factors of 16888.
2, 2111
What are the prime factors of 3711?
3, 1237
What are the prime factors of 2417?
2417
List the prime factors of 5152.
2, 7, 23
List the prime factors of 8731.
8731
List the prime factors of 5518.
2, 31, 89
List the prime factors of 23434.
2, 11717
What are the prime factors of 43995?
3, 5, 7, 419
What are the prime factors of 26083?
26083
List the prime factors of 2101.
11, 191
What are the prime factors of 130922?
2, 11, 541
List the prime factors of 3376.
2, 211
List the prime factors of 6217.
6217
What are the prime factors of 68697?
3, 17, 449
What are the prime factors of 18646?
2, 9323
List the prime factors of 5240.
2, 5, 131
List the prime factors of 17820.
2, 3, 5, 11
What are the prime factors of 21267?
3, 17, 139
What are the prime factors of 3767?
3767
What are the prime factors of 18497?
53, 349
What are the prime factors of 15290?
2, 5, 11, 139
List the prime factors of 13657.
7, 1951
List the prime factors of 7341.
3, 2447
What are the prime factors of 5247?
3, 11, 53
What are the prime factors of 24744?
2, 3, 1031
What are the prime factors of 3744?
2, 3, 13
What are the prime factors of 797?
797
What are the prime factors of 890?
2, 5, 89
What are the prime factors of 401?
401
List the prime factors of 13643.
7, 1949
List the prime factors of 35751.
3, 17, 701
List the prime factors of 20091.
3, 37, 181
List the prime factors of 5108.
2, 1277
What are the prime factors of 14969?
14969
List the prime factors of 5899.
17, 347
What are the prime factors of 134?
2, 67
What are the prime factors of 2836?
2, 709
What are the prime factors of 24034?
2, 61, 197
What are the prime factors of 18039?
3, 7, 859
List the prime factors of 114570.
2, 3, 5, 19, 67
List the prime factors of 25370.
2, 5, 43, 59
List the prime factors of 14467.
17, 23, 37
What are the prime factors of 2777?
2777
List the prime factors of 44680.
2, 5, 1117
List the prime factors of 4850.
2, 5, 97
List the prime factors of 5983.
31, 193
What are the prime factors of 10929?
3, 3643
What are the prime factors of 369?
3, 41
What are the prime factors of 6942?
2, 3, 13, 89
What are the prime factors of 28117?
31, 907
What are the prime factors of 94?
2, 47
List the prime factors of 77.
7, 11
What are the prime factors of 2772?
2, 3, 7, 11
List the prime factors of 917.
7, 131
List the prime factors of 25332.
2, 3, 2111
List the prime factors of 717.
3, 239
List the prime factors of 27697.
27697
What are the prime factors of 1133?
11, 103
What are the prime factors of 1291?
1291
List the prime factors of 920.
2, 5, 23
What are the prime factors of 14915?
5, 19, 157
List the prime factors of 43340.
2, 5, 11, 197
What are the prime factors of 805?
5, 7, 23
List the prime factors of 496.
2, 31
List the prime factors of 3132.
2, 3, 29
List the prime factors of 613.
613
What are the prime factors of 116726?
2, 58363
What are the prime factors of 10345?
5, 2069
What are the prime factors of 3217?
3217
What are the prime factors of 346?
2, 173
List the prime factors of 38526.
2, 3, 6421
What are the prime factors of 1286?
2, 643
List the prime factors of 65314.
2, 17, 113
List the prime factors of 49519.
23, 2153
List the prime factors of 64.
2
What are the prime factors of 53?
53
What are the prime factors of 20971?
67, 313
What are the prime factors of 6614?
2, 3307
List the prime factors of 401.
401
What are the prime factors of 18507?
3, 31, 199
What are the prime factors of 24053?
67, 359
What are the prime factors of 45002?
2, 22501
What are the prime factors of 7146?
2, 3, 397
What are the prime factors of 3753?
3, 139
List the prime factors of 988.
2, 13, 19
What are the prime factors of 35?
5, 7
What are the prime factors of 4682?
2, 2341
What are the prime factors of 118210?
2, 5, 11821
List the prime factors of 1329.
3, 443
List the prime factors of 1527.
3, 509
What are the prime factors of 24391?
24391
List the prime factors of 258.
2, 3, 43
List the prime factors of 22155.
3, 5, 7, 211
What are the prime factors of 1584?
2, 3, 11
List the prime factors of 38640.
2, 3, 5, 7, 23
List the prime factors of 48692.
2, 7, 37, 47
What are the prime factors of 40850?
2, 5, 19, 43
List the prime factors of 103774.
2, 11, 53, 89
List the prime factors of 36327.
3, 12109
List the prime factors of 11452.
2, 7, 409
What are the prime factors of 10454?
2, 5227
What are the prime factors of 4352?
2, 17
What are the prime factors of 1135?
5, 227
What are the prime factors of 4399?
53, 83
What are the prime factors of 20231?
20231
List the prime factors of 6276.
2, 3, 523
What are the prime factors of 2867?
47, 61
List the prime factors of 9967.
9967
List the prime factors of 4063.
17, 239
What are the prime factors of 20664?
2, 3, 7, 41
What are the prime factors of 1890?
2, 3, 5, 7
What are the prime factors of 1149?
3, 383
What are the prime factors of 4322?
2, 2161
List the prime factors of 32929.
13, 17, 149
What are the prime factors of 149?
149
What are the prime factors of 19935?
3, 5, 443
List the prime factors of 8380.
2, 5, 419
List the prime factors of 45932.
2, 11483
List the prime factors of 194.
2, 97
What are the prime factors of 7164?
2, 3, 199
What are the prime factors of 40565?
5, 7, 19, 61
What are the prime factors of 1185?
3, 5, 79
List the prime factors of 20795.
5, 4159
What are the prime factors of 7307?
7307
List the prime factors of 660.
2, 3, 5, 11
What are the prime factors of 66504?
2, 3, 17, 163
What are the prime factors of 3609?
3, 401
What are the prime factors of 8377?
8377
List the prime factors of 847.
7, 11
What are the prime factors of 94805?
5, 67, 283
What are the prime factors of 308?
2, 7, 11
List the prime factors of 63352.
2, 7919
What are the prime factors of 142?
2, 71
List the prime factors of 580.
2, 5, 29
What are the prime factors of 7054?
2, 3527
What are the prime factors of 1784?
2, 223
What are the prime factors of 6083?
7, 11, 79
What are the prime factors of 33405?
3, 5, 17, 131
List the prime factors of 17182.
2, 11, 71
List the prime factors of 17314.
2, 11, 787
List the prime factors of 3191.
3191
List the prime factors of 35175.
3, 5, 7, 67
What are the prime factors of 115060?
2, 5, 11, 523
List the prime factors of 40662.
2, 3, 251
List the prime factors of 11400.
2, 3, 5, 19
What are the prime factors of 2214?
2, 3, 41
List the prime factors of 342.
2, 3, 19
List the prime factors of 12816.
2, 3, 89
List the prime factors of 5595.
3, 5, 373
List the prime factors of 1822.
2, 911
List the prime factors of 22991.
83, 277
List the prime factors of 8354.
2, 4177
List the prime factors of 515.
5, 